*r - 43387. Determine j(-239).
350
Let n(d) = d**3 - 34*d**2 - 2696*d + 88321. What is n(32)?
1
Let l(h) = -1289*h**2 + 263*h - 7. Give l(1).
-1033
Let d(h) = -h**3 - 210*h**2 + 644*h + 1115. What is d(-213)?
50
Let t(f) = -6*f**2 - 651*f - 2200. Give t(-105).
5
Let d(q) = 10*q**2 + 38*q - 231. Give d(4).
81
Let p(r) = -r**2 - 171*r + 4345. Give p(-194).
-117
Let m(l) = 219*l + 51414. Calculate m(-239).
-927
Let d(o) = 6*o**2 + 319*o + 3449. What is d(-15)?
14
Let n(s) = -8*s**3 + 316*s**2 + 842*s - 87. Calculate n(42).
-3
Let n(y) = 829*y**2 - 18261*y + 475. What is n(22)?
-31
Let z(l) = -113*l - 4859. What is z(-51)?
904
Let b(x) = -10*x + 1329. Determine b(94).
389
Let l(z) = -3*z**3 + z**2 - 5374*z + 16137. What is l(3)?
-57
Let c(w) = -475*w + 6609. Give c(14).
-41
Let c(o) = 3*o**3 - 238*o**2 - 4474*o + 850. Give c(95).
-5
Let r(c) = -61458*c - 922020. Calculate r(-15).
-150
Let u(d) = -2*d**2 - 196*d - 3993. Give u(-72).
-249
Let l(o) = 2144*o - 353761. What is l(165)?
-1
Let y(i) = -6124*i + 2418981. Calculate y(395).
1
Let x(t) = -5*t**2 - 75*t - 1174. What is x(-14)?
-1104
Let b(c) = -3*c**2 - 87*c + 178. Calculate b(2).
-8
Let s(p) = 9*p**2 + 2602*p - 1909. Calculate s(-290).
411
Let b(n) = 87*n - 3024. Calculate b(44).
804
Let k(l) = -l**3 + 2199*l**2 - 105350*l - 21. Calculate k(49).
-21
Let z(p) = 18*p + 3042. What is z(-174)?
-90
Let b(d) = -2144*d - 53590. Calculate b(-25).
10
Let v(w) = 4054*w - 628402. What is v(155)?
-32
Let v(t) = -9147*t - 128058. Calculate v(-14).
0
Let y(q) = 79938*q - 1438896. What is y(18)?
-12
Let u(a) = a**2 - 6759*a - 27021. Calculate u(-4).
31
Let q(w) = w**3 - 12*w**2 + 70*w - 1160. Give q(14).
212
Let o(n) = 6846*n + 13518. Determine o(-2).
-174
Let y(r) = 2*r**3 + 1119*r**2 + 9358*r - 4575. Calculate y(-551).
384
Let g(j) = -j**3 - 132*j**2 - 1044*j + 7738. Determine g(-123).
-11
Let o(f) = -2383*f + 772083. Give o(324).
-9
Let k(a) = 2*a**2 - 355*a - 34347. Give k(247).
-14
Let y(k) = k**3 + 18*k**2 - 40*k - 303. Give y(-20).
-303
Let f(q) = -7*q**3 + 7095*q**2 + 3031*q + 11154. Give f(1014).
0
Let n(x) = x**2 + 71*x - 10420. Determine n(72).
-124
Let y(d) = -d**3 - 13*d**2 - 55*d - 32. What is y(-10)?
218
Let p(u) = 29911*u - 29909. Calculate p(1).
2
Let n(r) = -24*r - 1361. What is n(-41)?
-377
Let v(z) = -z**3 + 7*z**2 + 30346*z - 151783. Determine v(5).
-3
Let s(u) = 30*u**2 + 11052*u - 90342. Determine s(8).
-6
Let h(m) = -4*m**2 - 1596*m + 37051. Give h(-421).
3
Let c(k) = 5*k**2 - 1053*k + 4224. Determine c(4).
92
Let x(h) = -48*h**3 + 770*h**2 + 13*h - 557. Calculate x(16).
163
Let q(j) = -j**3 - 141*j**2 + 1201*j + 1352. Determine q(-149).
11
Let i(p) = p**3 - 40*p**2 + 14*p - 1146. Calculate i(41).
1109
Let z(q) = -3*q**3 + 1080*q**2 + 24001*q + 755. Determine z(381).
-7
Let k(r) = 136*r - 3223. Give k(25).
177
Let z(u) = -671*u - 139579. Determine z(-208).
-11
Let g(z) = -6319*z**2 - 88443*z + 329. What is g(-14)?
7
Let i(x) = 2*x**3 + 59*x**2 - 834*x - 7069. Calculate i(-38).
75
Let v(h) = 57*h - 5249. Give v(99).
394
Let z(f) = 661*f - 49469. Calculate z(75).
106
Let z(v) = 532973*v + 5862697. Give z(-11).
-6
Let q(l) = -221*l**2 - 2*l - 55. Calculate q(0).
-55
Let a(t) = 2*t**3 - 82*t**2 - 6*t - 1158. What is a(41)?
-1404
Let z(a) = 3*a**2 + 4325*a + 228798. Determine z(-55).
-2
Let t(j) = j**3 + 11*j**2 - 895*j + 2437. What is t(-37)?
-42
Let c(d) = -2*d**3 - 11*d**2 + 768*d + 6071. Calculate c(-8).
247
Let n(i) = -i**3 + 42*i**2 + 300*i - 2. What is n(-6)?
-74
Let g(p) = -p**3 - p**2 + 354*p + 2267. Determine g(-16).
443
Let t(l) = l**3 - 92*l**2 - 155*l + 5245. Determine t(93).
-521
Let a(p) = p**3 - 74*p**2 - 226*p - 421. Determine a(77).
-36
Let y(o) = o**3 - 73*o**2 - 1268*o - 4690. What is y(88)?
-114
Let a(c) = 141*c**3 - c**2 + 16*c - 28. Determine a(2).
1128
Let l(h) = -624*h + 135555. Calculate l(220).
-1725
Let s(m) = m**3 - 249*m**2 - 4582*m + 15967. Calculate s(266).
7
Let f(o) = -1377*o - 18019. Calculate f(-13).
-118
Let o(f) = 39*f**2 - 150*f - 59. What is o(-11)?
6310
Let p(a) = a**3 + 288*a**2 + 1636*a - 342. Determine p(-6).
-6
Let u(n) = -29186*n + 729649. Determine u(25).
-1
Let z(n) = -8*n**3 - 21*n**2 - 8253*n - 16501. Determine z(-2).
-15
Let x(i) = 1121*i + 90702. Determine x(-81).
-99
Let j(t) = 3983*t + 39464. Calculate j(-10).
-366
Let o(v) = 402089*v + 2010449. Give o(-5).
4
Let i(x) = -x**3 - 34*x**2 - 216*x - 8761. Determine i(-35).
24
Let u(t) = -380*t + 15686. What is u(42)?
-274
Let m(d) = 2*d**2 - 24*d - 3231. Determine m(45).
-261
Let y(a) = 2*a**2 - 2110*a - 96724. Give y(-44).
-12
Let h(b) = -191*b - 5539. Calculate h(-29).
0
Let d(c) = 286*c + 8014. Determine d(-28).
6
Let b(l) = 25*l**2 - 346*l - 59. Calculate b(14).
-3
Let v(k) = -38*k**2 + 49*k - 106. Determine v(2).
-160
Let w(p) = -p**3 - 15*p**2 - 333*p - 4861. What is w(-14)?
-395
Let s(t) = 892*t - 102602. Calculate s(115).
-22
Let y(k) = -k**3 + 14*k**2 + 75*k - 1139. Determine y(13).
5
Let q(k) = 21318*k - 234502. Calculate q(11).
-4
Let z(a) = 32*a**2 - 133*a - 580. Give z(-4).
464
Let r(n) = 2*n**2 - 115*n - 958. Give r(67).
315
Let n(t) = 3385*t + 68059. Determine n(-20).
359
Let j(a) = 2*a**3 - 366*a**2 - 932*a - 34228. Calculate j(186).
-4
Let y(x) = x**2 - 4098. Give y(-64).
-2
Let g(w) = -5*w**3 + w + 483. Determine g(0).
483
Let r(s) = s**3 - 2*s**2 - 562*s + 110. Determine r(-23).
-189
Let j(u) = 2206*u - 1760327. Determine j(798).
61
Let i(l) = l**2 - 43*l - 5472. Calculate i(101).
386
Let x(l) = -19*l**2 - 867*l - 2629. What is x(-3)?
-199
Let q(k) = 992*k + 196394. What is q(-198)?
-22
Let w(m) = 30*m**2 + 204*m + 272. Determine w(-5).
2
Let q(n) = n**2 - 35*n - 831. What is q(-16)?
-15
Let y(k) = -186*k - 1345. Determine y(-17).
1817
Let d(u) = -u**3 - 33*u**2 - 268*u - 97. What is d(-16)?
-161
Let l(i) = -i**2 - 8818*i - 26444. What is l(-3)?
1
Let p(m) = 518*m + 30565. What is p(-59)?
3
Let c(f) = 102*f - 9768. What is c(95)?
-78
Let t(v) = -180*v - 12796. Calculate t(-73).
344
Let q(o) = 169331*o - 17441087. Give q(103).
6
Let p(o) = 2*o**3 + 25*o**2 - 285*o - 222. Calculate p(-20).
-522
Let l(h) = -h**3 + 12*h**2 + 681*h + 270. Give l(33).
-126
Let p(w) = -6*w**2 + 4537*w - 62334. Determine p(14).
8
Let q(z) = 2765*z - 273767. Determine q(99).
-32
Let g(f) = 96*f**2 + 4359*f - 8723. Determine g(2).
379
Let o(p) = 263397*p - 1580402. Calculate o(6).
-20
Let v(g) = -1530*g - 194348. What is v(-127)?
-38
Let u(z) = 27813*z + 556212. Calculate u(-20).
-48
Let y(t) = 149894*t + 34025928. Give y(-227).
-10
Let u(y) = -32976*y - 18499525. Give u(-561).
11
Let r(g) = -15*g**2 - 142*g - 711. Give r(-5).
-376
Let c(q) = 35*q**3 + 213*q**2 + 70*q + 480. Determine c(-6).
168
Let w(n) = -n**3 - 75*n**2 + 629*n - 2676. Calculate w(-83).
229
Let l(k) = 2936*k - 61674. Determine l(21).
-18
Let j(x) = 65*x**3 + 2667*x**2 + 80*x - 72. Calculate j(-41).
10
Let d(y) = 5*y**2 + 193*y + 1091. Determine d(-6).
113
Let b(q) = 369*q + 7805. What is b(-16)?
1901
Let p(w) = w**3 + 395*w**2 + 18982*w - 689. What is p(-339)?
-11
Let n(k) = -2*k**3 - 41*k**2 - 119*k + 119. Calculate n(-17).
119
Let k(q) = -q**3 - 93*q**2 + 459*q + 34342. Calculate k(-94).
32
Let p(h) = 2*h**2 - h + 170. Calculate p(10).
360
Let q(b) = b**3 + 199*b**2 + 3894*b - 312. Give q(-177).
-312
Let o(k) = -105*k + 14508. Determine o(128).
1068
Let k(s) = -2071*s**2 - 10398*s - 228. Give k(-5).
-13
Let v(w) = 893*w - 81262. What is v(91)?
1
Let d(h) = -49*h**2 + 58*h + 420. Determine d(-7).
-2387
Let r(s) = -952*s + 395075. What is r(415)?
-5
Let d(t) = 6*t**3 + 1924*t**2 - 771*t - 41420. Give d(-321).
-11
Let x(f) = 6*f**2 + 116*f - 14262. What is x(40)?
-22
Let u(t) = t**3 + 4*t**2 - 5713*t + 4517. Give u(-78).
-85
Let t(m) = -3*m**2 + 44*m + 1254. Give t(33).
-561
Let a(i) = -381*i - 6586. Determine a(-17).
-109
Let f(t) = -4*t**2 + 276*t - 2109. What is f(60)?
51
Let w(v) = -v**3 - 35*v**2 - 59*v - 1782. Determine w(-34).
-932
Let o(l) = l**3 - 380*l**2 - 1156*l + 2678. Determine o(383).
-3
Let q(x) = 171*x**2 + 2409*x + 812. What is q(-13)?
-1606
Let s(q) = -q**3 + 71*q**2 + 1619*q + 301. Give s(89).
1814
Let y(f) = 16*f**2 - 14637*f - 29331. Determine y(-2).
7
Let d(y) = -5*y**3 + 15*y**2 + 406*y + 16. Calculat